e prime factors of p(u)?
2, 7
Let h be (2/(-6))/((-1)/(-3)). Let q be 1/(h + 30/27). Suppose q = -8*z + 9*z. List the prime factors of z.
3
Suppose 2*l - 4*l + 48 = 0. Let d be l/1 + (1 - 0). Suppose 0 = -m + 1 + d. List the prime factors of m.
2, 13
Suppose -6*i + 3027 + 2547 = 0. What are the prime factors of i?
929
List the prime factors of -5 - (3 - 0 - (2145 + 3)).
2, 5, 107
Let v = -78 + -2. Let g = 278 + v. Suppose -2*s + 81 = i, -5*s - 3*i + 5*i = -g. What are the prime factors of s?
2, 5
Suppose -3*s + 4*k - 3*k = -149, -5*s - 4*k + 254 = 0. Let v = 19 + s. List the prime factors of v.
3, 23
Let l be (-245)/(-20) + 2/(-8). Suppose 0 = 4*w - 2*p + 8, 2*w + 4*p - l = 6*w. List the prime factors of 1*w - (6 + -11).
2
Suppose -2*f = 4, -5*u + 3*u + 4*f = -160. Let j = u + 1. List the prime factors of j.
7, 11
Let z(n) be the second derivative of n**6/720 + n**5/30 + n**4/12 - n. Let w(q) be the third derivative of z(q). What are the prime factors of w(9)?
13
What are the prime factors of (186 - (-28)/7) + 8?
2, 3, 11
Let w be 7/2*12/21. Suppose -2*r - w*r = 0, 18 = -a - 3*r. What are the prime factors of (2/3)/(a/(-675))?
5
Suppose 16110 = -402*b + 408*b. What are the prime factors of b?
3, 5, 179
Let f(u) = 2*u + 10. Let d be f(-3). Suppose -4*a - a = -d*v - 128, 3*a - 2*v = 76. Suppose 0 = -0*o + 2*o - a. List the prime factors of o.
2, 3
Let k(j) be the first derivative of -3*j**2 + 8*j + 4. List the prime factors of k(-2).
2, 5
Let t = 12 - 7. Suppose -3*i + t*l + 400 - 11 = 0, 4*i = -3*l + 509. Suppose -148 - i = -6*b. List the prime factors of b.
2, 23
Let t = 8 - 26. Let v = -16 - t. Suppose -18 = -v*y - 0*y. What are the prime factors of y?
3
List the prime factors of 2*((-39)/195 + 6327/10).
5, 11, 23
Let b = -24 + 23. List the prime factors of (10 - -1)/(b/(-7)).
7, 11
Let h be (-1 - -3) + 0/(-7 + 1). Suppose -3*v - 237 = -2*a + 2*v, -h*a - v = -255. List the prime factors of a.
2, 3, 7
Let x be (1*8)/((-2)/2). Let z be 50 + 4/x*6. Suppose 4*c = 81 + z. What are the prime factors of c?
2
List the prime factors of (35464/32 - -5) + (-6)/(-8).
2, 557
Let q be -3 + (-60)/18 + 1/3. What are the prime factors of 6/4*((-802)/q + 1)?
2, 101
Suppose 2394 = -16*f + 22*f. What are the prime factors of f?
3, 7, 19
Let h(j) = j**2 + 6*j + 4. Let q be h(-6). Let w = q + 0. Let b(t) = 7*t + 3. What are the prime factors of b(w)?
31
Suppose -2*f + 2*l + 12 = -224, 5*f = -2*l + 590. Suppose u = 5*b - 0*b - f, 5*u = 5*b - 110. List the prime factors of b.
2, 3
Suppose 2*t + 13 = 5*d - t, 3*d - 7 = t. Suppose x = d*x - 2. Suppose -5*a + 4*a - 1 = 0, -x*u = -a - 27. List the prime factors of u.
13
Let p(x) = 110*x**3 - 6*x**2 + 6*x - 1. Let g(d) = -220*d**3 + 11*d**2 - 11*d + 2. Let f(r) = -6*g(r) - 11*p(r). List the prime factors of f(1).
109
Let g(v) = -7*v - 2. Let z be g(-7). Suppose 4*i + 2*y - 35 = z, 2*y - 10 = 0. List the prime factors of i.
2, 3
Suppose 2808 = 3*o - 5*d, -3*o = d + 2*d - 2808. What are the prime factors of o?
2, 3, 13
Let x be (5 + 4/(-2))*86/3. Suppose 5*t = 5*u + 219 + x, -5*u = -2*t + 116. What are the prime factors of t?
3, 7
Let b(l) = 31*l**2 - 2. List the prime factors of b(-2).
2, 61
What are the prime factors of 633060/396 + 4/11?
3, 13, 41
Suppose 814 - 2306 = -2*z. List the prime factors of z.
2, 373
Let j = 408 - 34. What are the prime factors of j?
2, 11, 17
Suppose 0 = -3*g - c + 7, -2*g + 2*c - 13 = -7*g. List the prime factors of 2/(8/164) - g.
2, 5
Suppose 0 = r + 2*b - 4*b, -2*b = 3*r. Let i = -5 + r. Let m = i - -20. What are the prime factors of m?
3, 5
Suppose -28*f = -21*f - 294. List the prime factors of f.
2, 3, 7
List the prime factors of -12*((-6)/(-30))/(20/(-5975)).
3, 239
Let n(l) = -l**2 + 9*l + 3. Let p be n(9). Suppose 0 = p*v - 8 - 64. List the prime factors of v.
2, 3
Let z(c) = -61*c**2 - 4*c + 91*c**2 + 3 + 71*c**2. What are the prime factors of z(1)?
2, 5
Let f(a) = 124*a - 14. List the prime factors of f(4).
2, 241
Let l(t) = -6 - 2 + t**3 - t + 4*t - 7*t**2. Let i be l(7). What are the prime factors of (2 + 1 - 2)*i?
13
Let k(z) = -6*z + 2. Let u be k(-5). Let q be 47/9 + 4/(-18). Suppose -u - 13 = -q*l. What are the prime factors of l?
3
Suppose -4*n + 2*j = 508, 5*j + 16 = 9*j. Let b = n + 332. What are the prime factors of b?
3, 23
Suppose -4*b = -5*b + 4. Suppose -3*o + 3*v = -b*o + 92, 4*v = 3*o - 250. List the prime factors of o.
2, 43
Let u = 294 - 202. Suppose 14*p - 10*p - u = 0. List the prime factors of p.
23
Let o = 3121 + 2448. List the prime factors of o.
5569
Let a = -11 - -12. Let c(w) = 5*w - 2. Let u be c(a). What are the prime factors of 94/(6/u) + -2?
3, 5
Suppose 2*l - 3*v = 5289, 9*l - 13229 = 4*l + v. List the prime factors of l.
2, 3, 7
Suppose -65 = 5*c - 5*f, -2*c - 35 = -4*f - 3. Let w be 164/(-10)*c/2. Let o = w - 46. List the prime factors of o.
2, 3
Suppose -2*d = 5*p + 13, -3*p + 2 = -4*d + 41. List the prime factors of -2*(3/d + -3).
5
Let l(r) = -r**2 + 6*r - 9. Suppose 0 = 5*k - 2*c - 54 + 8, 0 = -3*k + c + 27. Let a be l(k). What are the prime factors of (2/5)/((-1)/a)?
2, 5
Let s be (1/2)/(10/(-3160)). What are the prime factors of s/(-12) + (2/(-12))/1?
13
Let l = 514 + -326. Suppose 4*i - l = -2*u, -u - 42 = -i + u. List the prime factors of i.
2, 23
Let i(o) = 2*o - 4. Let g be i(3). List the prime factors of -3 - 105*(-3 + g).
2, 3, 17
Suppose -23 = 2*f + 5*y, 2*f + 0*y = -3*y - 21. Let k = 13 + f. Suppose -21 = -5*b + 4*i + 60, 0 = k*b - 5*i - 72. List the prime factors of b.
13
What are the prime factors of (228/(-10) - 0)*7200/(-270)?
2, 19
Let n(k) = k**3 - 14*k**2 + 14*k - 7. Let a be n(13). Let x(d) = d**2 + 72. Let g be x(0). What are the prime factors of a/(-8) + 1926/g?
2, 13
Let g(v) be the second derivative of -29*v**3/6 + 13*v**2/2 + 3*v + 2. List the prime factors of g(-3).
2, 5
Let w(j) = j**3 + j**2 - 4*j - 2. Let x be w(-3). Let z = x + -1. What are the prime factors of 1/(-1) + 2 - z?
2, 5
Let k(x) = 6*x - 24. Let t be k(5). Let p(z) = z**2 + 3*z - 12. List the prime factors of p(t).
2, 3, 7
Let u be (-1)/((3 + -1)/2). Let h(p) = -4*p**2 + 6*p - 5. Let m(z) = -z + 1. Let c(i) = -h(i) - 5*m(i). List the prime factors of c(u).
5
Let h(u) = -4*u**3 - u**2 + 2. Suppose -n + b - 13 = 0, 2*n + 11 + 11 = b. Let f(k) = -k**2 - 9*k - 2. Let w be f(n). What are the prime factors of h(w)?
2, 3, 5
Let n be (-102)/170 + (216/10 - 1). Suppose -n*j = -21*j + 223. List the prime factors of j.
223
Let n be (3 - 3)*(-4)/(-16)*2. Let s be ((-17)/(-2))/((-2)/(-4)). Suppose 3*g = -3*z + 15, -3*g + n*z = z - s. List the prime factors of g.
2, 3
Let h = 73 + -69. Suppose -h*k - 3*w = -97, -6*w + 3*w = 3. What are the prime factors of k?
5
Let u = 19 + -15. Suppose 0 = -3*z + t + 1, u*z + t - 11 = z. Let n(l) = 9*l**2 + 3*l - 1. List the prime factors of n(z).
41
Let z(p) = 19*p - 11. Let v(i) = 13*i - 7. Let t(u) = -7*v(u) + 5*z(u). Suppose 0 = x - 6 - 3. List the prime factors of t(x).
2, 3, 5
Let u be -1*((-9)/3 + 3). Let q = 54 + u. What are the prime factors of q?
2, 3
Let p(i) be the first derivative of -i**3/3 + 6*i**2 + 17*i - 11. What are the prime factors of p(11)?
2, 7
Let c(q) = 16*q**2 + 5*q - 6. Let l be c(4). Suppose l = 13*j - 8*j. Suppose j = h - a, -h + 59 = -3*a + a. List the prime factors of h.
7
Suppose 8*c = 1538 + 2686. What are the prime factors of c?
2, 3, 11
Let l(r) = -18*r + 15. Let g be l(-3). Let f = 133 - g. What are the prime factors of f?
2
Let g(w) = -13*w - 19. Let j(b) = 26*b + 38. Let t(c) = -5*g(c) - 3*j(c). List the prime factors of t(-4).
3, 11
Let u(b) = -b**3 - 8*b**2 + 14*b + 10. What are the prime factors of u(-13)?
673
Let q be -24*(-3 + 24/9). Suppose 17*w = 15*w - q. What are the prime factors of (-4 - (-9 - w))*19?
19
Let j(m) be the first derivative of 7*m**2/2 - 4*m - 6. What are the prime factors of j(4)?
2, 3
Let t = 649 + 1728. What are the prime factors of t?
2377
Let b be 631/5 - 1/5. Suppose -3*i + 175 = 2*l, -5*l + 337 = -i - b. List the prime factors of l.
2, 23
Suppose d = -3*d - 3*r + 788, -4*r = -16. Let z = d - 108. List the prime factors of z.
2, 43
What are the prime factors of 696 - (3 - 2/(-3 - -5))?
2, 347
Let i be ((-8)/5 + 2)*(2 + 3). Suppose 140 = 5*u - 7*f + i*f, 2*u - 5*f = 6